{"id":22,"date":"2024-05-14T17:32:41","date_gmt":"2024-05-14T17:32:41","guid":{"rendered":"https:\/\/mystifying-goldberg.92-205-128-223.plesk.page\/?page_id=22"},"modified":"2025-06-27T14:02:46","modified_gmt":"2025-06-27T14:02:46","slug":"motivation","status":"publish","type":"page","link":"https:\/\/mystifying-goldberg.92-205-128-223.plesk.page\/index.php\/motivation\/","title":{"rendered":"Motivation"},"content":{"rendered":"\n<div class=\"wp-block-columns links-home customsection is-layout-flex wp-container-core-columns-is-layout-28f84493 wp-block-columns-is-layout-flex\">\n<div class=\"wp-block-column is-layout-flow wp-container-core-column-is-layout-3d3ccf45 wp-block-column-is-layout-flow\" style=\"padding-top:var(--wp--preset--spacing--10);padding-bottom:var(--wp--preset--spacing--10);flex-basis:26.67%\">\n<p style=\"font-size:clamp(1.25rem, 1.25rem + ((1vw - 0.2rem) * 1.25), 2rem);font-style:normal;font-weight:600\">Motivation<\/p>\n\n\n\n<p>Die Zukunft im Visier<\/p>\n\n\n\n<div style=\"height:40px\" aria-hidden=\"true\" class=\"wp-block-spacer\"><\/div>\n\n\n\n<figure class=\"wp-block-image size-large is-resized\"><img loading=\"lazy\" decoding=\"async\" width=\"1024\" height=\"935\" src=\"https:\/\/mystifying-goldberg.92-205-128-223.plesk.page\/wp-content\/uploads\/2024\/08\/Grafiken-Homepage-Gitter_2_transp-1024x935.png\" alt=\"\" class=\"wp-image-225\" style=\"width:150px\" srcset=\"https:\/\/mystifying-goldberg.92-205-128-223.plesk.page\/wp-content\/uploads\/2024\/08\/Grafiken-Homepage-Gitter_2_transp-1024x935.png 1024w, https:\/\/mystifying-goldberg.92-205-128-223.plesk.page\/wp-content\/uploads\/2024\/08\/Grafiken-Homepage-Gitter_2_transp-300x274.png 300w, https:\/\/mystifying-goldberg.92-205-128-223.plesk.page\/wp-content\/uploads\/2024\/08\/Grafiken-Homepage-Gitter_2_transp-768x701.png 768w, https:\/\/mystifying-goldberg.92-205-128-223.plesk.page\/wp-content\/uploads\/2024\/08\/Grafiken-Homepage-Gitter_2_transp-1536x1402.png 1536w, https:\/\/mystifying-goldberg.92-205-128-223.plesk.page\/wp-content\/uploads\/2024\/08\/Grafiken-Homepage-Gitter_2_transp.png 1596w\" sizes=\"auto, (max-width: 1024px) 100vw, 1024px\" \/><\/figure>\n<\/div>\n\n\n\n<div class=\"wp-block-column is-layout-flow wp-block-column-is-layout-flow\" style=\"padding-top:23px;padding-bottom:23px;flex-basis:50%\">\n<p>Motivation ist nicht Beeinflussung und sie l\u00e4sst sich auch nicht diktieren. Sie ist das eigene pers\u00f6nliche Interesse, Dinge zustande zu bringen. Leider macht die Motivation gelegentlich auch schlapp.<\/p>\n\n\n\n<p>Erfolgreiche Kooperationen gehen in die Binsen, als g\u00e4be es einen unsichtbaren W\u00fcrgegriff. Niemand will es eigentlich \u2013 und doch passiert es. <\/p>\n\n\n\n<p>F\u00fchrungskr\u00e4fte m\u00fcssen nicht Charismatiker von Geburt sein oder Begeisterung bei anderen mit dem Zauberstab entfachen k\u00f6nnen, wenn der Motivation auf die Spr\u00fcnge geholfen werden soll. <\/p>\n\n\n\n<p>F\u00fchrungskr\u00e4fte sollten die Tools kennen, wie sie die Motivation f\u00f6rdern und Ablehnung und Konflikte minimieren k\u00f6nnen. Sie kommen um das Thema Motivation nicht herum. <\/p>\n\n\n\n<p>\u00dcbrigens wird KI bis auf Weiteres kein Helfer in Sachen Motivation sein. KI selbst hat auch kein Interesse!<\/p>\n<\/div>\n\n\n\n<div class=\"wp-block-column is-vertically-aligned-stretch is-layout-flow wp-container-core-column-is-layout-5d34ad53 wp-block-column-is-layout-flow\" style=\"padding-top:1.3rem;padding-right:var(--wp--preset--spacing--30);padding-bottom:1.3rem;padding-left:var(--wp--preset--spacing--20);flex-basis:25%\">\n<p class=\"has-base-2-color has-text-color has-background has-link-color wp-elements-19390e63545d373cb5e707e65dd70868\" style=\"background-color:#023873;padding-top:var(--wp--preset--spacing--10);padding-right:var(--wp--preset--spacing--10);padding-bottom:var(--wp--preset--spacing--10);padding-left:var(--wp--preset--spacing--10);font-size:clamp(14px, 0.875rem + ((1vw - 3.2px) * 0.208), 16px);text-transform:none\"><br><br>Space f\u00fcr Artikel<br>Blog<br>Ank\u00fcndigungen<br>Test<br><br><br><br><br><br><br><br><br><br><br><br><\/p>\n<\/div>\n<\/div>\n\n\n\n<p><\/p>\n","protected":false},"excerpt":{"rendered":"<p>Motivation Die Zukunft im Visier Motivation ist nicht Beeinflussung und sie l\u00e4sst sich auch nicht diktieren. Sie ist das eigene pers\u00f6nliche Interesse, Dinge zustande zu bringen. Leider macht die Motivation gelegentlich auch schlapp. Erfolgreiche Kooperationen gehen in die Binsen, als g\u00e4be es einen unsichtbaren W\u00fcrgegriff. Niemand will es eigentlich \u2013 und doch passiert es. F\u00fchrungskr\u00e4fte [&hellip;]<\/p>\n","protected":false},"author":1,"featured_media":101,"parent":0,"menu_order":0,"comment_status":"closed","ping_status":"closed","template":"","meta":{"footnotes":""},"class_list":["post-22","page","type-page","status-publish","has-post-thumbnail","hentry"],"_links":{"self":[{"href":"https:\/\/mystifying-goldberg.92-205-128-223.plesk.page\/index.php\/wp-json\/wp\/v2\/pages\/22","targetHints":{"allow":["GET"]}}],"collection":[{"href":"https:\/\/mystifying-goldberg.92-205-128-223.plesk.page\/index.php\/wp-json\/wp\/v2\/pages"}],"about":[{"href":"https:\/\/mystifying-goldberg.92-205-128-223.plesk.page\/index.php\/wp-json\/wp\/v2\/types\/page"}],"author":[{"embeddable":true,"href":"https:\/\/mystifying-goldberg.92-205-128-223.plesk.page\/index.php\/wp-json\/wp\/v2\/users\/1"}],"replies":[{"embeddable":true,"href":"https:\/\/mystifying-goldberg.92-205-128-223.plesk.page\/index.php\/wp-json\/wp\/v2\/comments?post=22"}],"version-history":[{"count":16,"href":"https:\/\/mystifying-goldberg.92-205-128-223.plesk.page\/index.php\/wp-json\/wp\/v2\/pages\/22\/revisions"}],"predecessor-version":[{"id":519,"href":"https:\/\/mystifying-goldberg.92-205-128-223.plesk.page\/index.php\/wp-json\/wp\/v2\/pages\/22\/revisions\/519"}],"wp:featuredmedia":[{"embeddable":true,"href":"https:\/\/mystifying-goldberg.92-205-128-223.plesk.page\/index.php\/wp-json\/wp\/v2\/media\/101"}],"wp:attachment":[{"href":"https:\/\/mystifying-goldberg.92-205-128-223.plesk.page\/index.php\/wp-json\/wp\/v2\/media?parent=22"}],"curies":[{"name":"wp","href":"https:\/\/api.w.org\/{rel}","templated":true}]}}